s of j.
3, 13, 61
Suppose 2460 = -3*o + 13*o. Suppose 250*r = o*r + 1884. What are the prime factors of r?
3, 157
Let y(i) = 4*i**2 + 3*i + 3. Let x be y(-1). Let g(r) = r**3 + r**2 + 3*r - 3. Let j be g(x). Suppose 71 = 4*q - j. What are the prime factors of q?
2, 5
List the prime factors of (-3 - (0 - -2)) + 1901/1.
2, 3, 79
Suppose -p - 3*p + 60 = -4*y, 75 = -5*y - 4*p. Let b = 8 + y. Let l(d) = -9*d + 44. List the prime factors of l(b).
107
Let q = -26460 - -58538. What are the prime factors of q?
2, 43, 373
Let x(w) = w + 12. Let z be x(-9). Let y(c) = c**2 + 2*c - 10*c**3 + 4*c**z + c**3 + 6*c**3 - 2. What are the prime factors of y(2)?
2, 7
Suppose -n = 6 - 1. Let y(x) = -4*x**2 - 8*x + 37. Let k be y(0). List the prime factors of k + (n + 3)/(2 - 0).
2, 3
Let k = 32419 - 20154. What are the prime factors of k?
5, 11, 223
Let m(d) = 4569*d**3 - 4*d**2 + 9*d - 6. List the prime factors of m(1).
2, 571
Suppose -3*l + 9 = 3. Suppose 3*i = -v - i + 310, l*v - 2*i - 670 = 0. List the prime factors of v.
2, 3, 5, 11
Suppose 246 + 262 = -5*b + m, -3*b + 3*m = 300. Let x = b + 200. Let f = -28 + x. List the prime factors of f.
2, 5, 7
Suppose 45*n = 53*n - 19568. Suppose -27*m + n = -40970. List the prime factors of m.
2, 3, 67
Suppose 4*l = -4*c + 11120, 13940 = 5*l + c - 6*c. Suppose m - 4*j = -6*j + 691, 2*j = 4*m - l. List the prime factors of m.
5, 139
Suppose -5*n - 8 = -2*k - 0*k, 4 = 4*k - 4*n. Let r be k - (-3 + (0 - 0)). Suppose 435 = 5*j - b - 3*b, 348 = 4*j + r*b. What are the prime factors of j?
3, 29
Suppose 38*j = 5*j + 61413. List the prime factors of j.
1861
What are the prime factors of (-2603612)/(-141) - (-16)/6?
2, 3, 19
Let w(j) = 4*j - 32. Let o be w(9). Suppose 2*l - 1 = 3*n - 7, -4*l - 5*n = -32. Suppose o*h - 45 = b - 175, -h + 390 = l*b. List the prime factors of b.
2, 5, 13
List the prime factors of (-1)/(-3)*3695 - 1/(-3).
2, 7, 11
Let k(n) = -48*n + 170. What are the prime factors of k(0)?
2, 5, 17
Suppose r = -4*d + 22, -r + 4*d + 148 = 3*r. Let w = -12 - r. Let h = w + 62. List the prime factors of h.
2
Suppose 20 = -5*w + 30. List the prime factors of 303 - 2 - (0 + w).
13, 23
Let i(n) = 136*n**2 - n. Suppose -11*g + 16*g = 10. Let w be 4/(-4) - (2 - 3)*g. What are the prime factors of i(w)?
3, 5
Suppose 0 = 4*v + 4*x - 112 - 148, -15 = 5*x. Suppose 0 = 65*c - v*c + 4509. What are the prime factors of c?
3, 167
Let c = -1909 + 1976. Suppose l - 3*y - 11 = 0, 4*l + 1 + 5 = 2*y. Let r = c + l. What are the prime factors of r?
3, 7
Suppose -34*j + 18*j + 15872 = 0. Let r = j - 490. List the prime factors of r.
2, 251
Let h be (5/35)/(1/7). Let l(a) = 22*a**2 + 1. List the prime factors of l(h).
23
What are the prime factors of ((-1988)/(-3))/(88/(-6) - -15)?
2, 7, 71
Suppose -2*w + 129416 = 2*i, 5*w + 12262 = i - 52494. List the prime factors of i.
2, 3, 5393
Let o = 125 + 144. Suppose 40*d + 654 + 1558 = 12*d. Let y = o + d. List the prime factors of y.
2, 5, 19
Suppose -58*l + 105*l + 34376 = 55*l. What are the prime factors of l?
4297
Let l be (3 + -1)*-1*-1. Suppose -2*h - 3 = w - 17, 0 = 3*w + l*h - 62. Suppose -i - b = -w, -4*i + 13 + 73 = 2*b. What are the prime factors of i?
19
Suppose -5*b + 5*y = 2*y + 27, y = 2*b + 11. Let a be (13 + -10)/(b/(-8)). Suppose a*m - 101 - 45 = -2*f, 0 = -5*f + 5*m + 290. What are the prime factors of f?
3, 7
Let h = -5299 + 49865. List the prime factors of h.
2, 22283
Suppose u + 588 = 3*u. Let x = u - 16. Let n = x + -96. What are the prime factors of n?
2, 7, 13
Let a(h) = 5*h**2 + 19*h + 1113. What are the prime factors of a(-53)?
3, 53, 89
Suppose 352794 - 129142 = 44*q. What are the prime factors of q?
13, 17, 23
Suppose -5*l + 3*f = -17, -9 = -3*l - 0*f + 3*f. Suppose t + 6 = 3*s, t - l*t + 14 = -s. What are the prime factors of -1 + 72 + (-18)/t?
2, 17
Let y = 52 + -48. Suppose -y*a + 0*m - 3*m + 16 = 0, -2*a + 6 = m. What are the prime factors of 4 + 212/(3 + a)?
3, 19
Let z = 7089 + -1194. List the prime factors of z.
3, 5, 131
Suppose 15*f - 63*f + 311893 = -185675. What are the prime factors of f?
2, 71, 73
Let d(t) = -91*t**3. Let o(c) = -c**3 + 10*c**2 + 7*c + 12. Let w be o(11). Let u = 31 + w. What are the prime factors of d(u)?
7, 13
Suppose -5*x = -13 - 2. Let q(w) = -w**x + w - 2 + 0 + 6*w**2 - 8*w**2. What are the prime factors of q(-4)?
2, 13
Let w(s) = 16*s**3 - 16*s**2 + 3*s + 63. What are the prime factors of w(7)?
2, 3, 7, 19
Let p = 28246 + -15728. What are the prime factors of p?
2, 11, 569
Suppose 0 = -147*m + 6*m + 1167339. What are the prime factors of m?
17, 487
Let n be (1*-6 - -3)/(3/(-10)). Suppose 75 = n*b - 455. Let s = 71 + b. What are the prime factors of s?
2, 31
Suppose 54*d - 28118 + 20350 = 26360. List the prime factors of d.
2, 79
Let l = 76769 - 21198. What are the prime factors of l?
61, 911
Let d = 10 + -7. Suppose 2*h + z - 7 = 0, 4*h = -z - d*z + 8. Suppose -93 - 237 = -h*t. List the prime factors of t.
2, 3, 11
Suppose 0 = -12*o - 98 + 386. List the prime factors of (-1568)/o*42/(-4).
2, 7
Let n(o) = -o**3 + 67*o**2 - 78*o + 70. What are the prime factors of n(25)?
2, 5, 2437
Suppose 4*r - 3*r = -0*r. Let f(k) be the third derivative of -k**4/8 + 7*k**3/3 + 3*k**2. What are the prime factors of f(r)?
2, 7
Let s = -3333 + 10584. List the prime factors of s.
3, 2417
Let u be 0/((-10)/(-6) - (-2)/6). Let o(a) = -10*a - 2*a**2 - 3 + 6*a - 17*a**3 + u*a**2 + 2. What are the prime factors of o(-2)?
3, 5
Let z(r) = r**3 + 12*r**2 - 10*r - 7. Let q be z(8). Suppose -q = -f - 4*f - 3*x, x = 3*f - 713. List the prime factors of f.
2, 7, 17
Suppose 6*p + 28 = 10*p, 3*a - 44950 = -p. What are the prime factors of a?
71, 211
Let k = -428 - 1011. List the prime factors of (-13)/429*-6 + k/(-11).
131
Let n = 590 - 569. What are the prime factors of (3186/n)/(135/630)?
2, 3, 59
Let r = -58 + 541. Suppose 2*w - 4*n = 2814, -r = 5*w + 5*n - 7578. List the prime factors of w.
5, 283
Let w(s) = s**3 - 4*s**2 - 4*s + 2. Let o be w(4). Let z = -22 - o. What are the prime factors of (-38)/(-4)*z/(-1)?
2, 19
Let d = -5264 - -9752. Suppose -658 = 10*o - d. List the prime factors of o.
383
Let i be (-21)/(-14) - ((-19)/2 - -2). Suppose 4*l - i = l. Suppose 3*y + l*y - 450 = 0. List the prime factors of y.
3, 5
Let h(s) = -s**2 + 12. Let x be h(4). Let c(u) = -u**2 + 26. Let r be c(x). Suppose -r*i + 1512 = 532. What are the prime factors of i?
2, 7
List the prime factors of 121473/9 - -12 - (-1 + (2 - 2)).
2, 5, 7, 193
Let l be 0 + 1 + (-35)/(-7). Suppose a - 705 = 3*v, -2*a + 2*v - l*v + 1400 = 0. What are the prime factors of a?
2, 3, 13
Let j(u) = -1298*u - 12006. List the prime factors of j(-22).
2, 5, 331
Suppose -5*g + 3*n - 6*n - 34 = 0, 3*g = 3*n - 6. Let u(a) = -5*a**3 - 4*a**2 - 4*a + 1. Let t be u(g). List the prime factors of (-104)/16 + 5 + t/4.
3, 5
Let p = -24 + 45. Suppose p*r + 6 = 22*r. Let f = 53 + r. What are the prime factors of f?
59
Let z be (-1 - (-15)/25)*(-20)/8. Let y(f) = 240*f. What are the prime factors of y(z)?
2, 3, 5
Suppose -55*x - 122*x = -61*x - 2753840. List the prime factors of x.
2, 5, 1187
Suppose 4*g + 1112 = 12*g. Suppose 3*n = -g + 1015. What are the prime factors of n?
2, 73
What are the prime factors of ((-869072)/(-1276))/((-2)/(-11))?
2, 1873
Let f(t) = 2*t - 12 - 12*t**3 + 10*t**3 - 19*t - 15*t - 11*t**2. What are the prime factors of f(-6)?
2, 3
Let w = -8735 - -12635. What are the prime factors of w?
2, 3, 5, 13
Let a = 10748 + 23230. What are the prime factors of a?
2, 3, 7, 809
Let n(x) be the third derivative of -3*x**4/4 + 92*x**3/3 - 7*x**2 - 3. What are the prime factors of n(8)?
2, 5
Let h(k) be the third derivative of -11*k**4/8 + k**3/2 - 22*k**2. Suppose -5*o = -2*u + 14, -4*u + 11 = -u - 5*o. What are the prime factors of h(u)?
2, 3, 17
Let n(a) = 15*a + 6. Let u(x) = -8*x - 3. Let v(h) = -2*n(h) - 5*u(h). List the prime factors of v(24).
3
Suppose -4251 = -x - 4*z, 21*z - 25456 = -6*x + 22*z. List the prime factors of x.
4243
What are the prime factors of (-99195)/45*(-1)/(2/24)?
2, 17, 389
Let c(s) = 29*s**2 + 34*s - 161. Let m(n) = 14*n**2 + 17*n - 80. Let i(z) = -3*c(z) + 7*m(z). List the prime factors of i(5).
283
Let j = -184 + 394. Let d = 3 + j. List the prime factors of d.
3, 71
